-a - 3. Let p(n) = 2*n**3 + 4*n**2 + 3*n. Let z be p(-2). Let q be f(z). Suppose q*s - 13 = 2*s. What are the prime factors of s?
13
Let o = 1 - 1. Suppose o = 3*p + p - 52. Let q = p - -5. What are the prime factors of q?
2, 3
Suppose -s = -6*s. Suppose 0 = 5*z - 5*p - 30, s = 4*z - 2*z + 2*p - 12. List the prime factors of z.
2, 3
Suppose -24 = -3*g + p + 1, 4*g + 2*p = 40. List the prime factors of g.
3
Suppose -5*a + 7*a + r = 573, a - r - 288 = 0. What are the prime factors of a?
7, 41
List the prime factors of (-93)/6*(-6)/(-9)*-21.
7, 31
Suppose -206 = -11*f + 10*f. What are the prime factors of f?
2, 103
Let i be ((-2)/(-4))/(1/6). Suppose 58 = 4*v - 3*c, -14 - 18 = -2*v + i*c. What are the prime factors of v?
13
Suppose 2*q - 4 + 2 = 0. Let i be (-52)/(-6) - q/(-3). What are the prime factors of i/2*12/6?
3
Let u = 8 + -5. Suppose -2*w + 15 = u*w + c, 3*c - 13 = w. Suppose -1 = -a - n + 7, w*n = -5*a + 46. What are the prime factors of a?
2, 5
Let p(d) be the third derivative of d**5/4 - d**4/24 - 5*d**2. List the prime factors of p(1).
2, 7
Let u = -12 + 11. What are the prime factors of -1 - (-1 - 3) - u?
2
Let l = 13 - -5. List the prime factors of l.
2, 3
Suppose -3*f = 2*v + 9 + 10, -3*f = -v + 13. Let g = f + 43. What are the prime factors of g?
2, 19
Let u = 1 + 1. Suppose -4*h = -u*h - 402. List the prime factors of h/39 + 2/(-13).
5
Let z = -19 - -52. What are the prime factors of z?
3, 11
Let w(r) = r**3 - 4*r**2 + 4*r - 2. Let k be w(3). List the prime factors of 1/k*41 + -1.
2, 5
Suppose x - 23 = -0. Let w = x + -11. What are the prime factors of w?
2, 3
Let l(f) = f + 2*f - 5*f + f + f**2 - f**3 + 4. Let q be l(3). List the prime factors of 1/(3 + -4)*q.
17
Let o = -12 + 17. Suppose -o*u + 4*l - 180 = 0, 0 = 2*u + 6*l - 5*l + 85. What are the prime factors of u/(-6)*(-15)/(-10)?
2, 5
Let y = -11 - -26. What are the prime factors of y?
3, 5
Let f = 5 - 5. Suppose 0 = 4*h - 16, -3*q + 0*q + h + 17 = f. List the prime factors of q.
7
Let b(j) = j**3 + 4*j**2 + 3*j. Let v be b(-3). Suppose 3*i - g = 155, 5*i = -v*i - 2*g + 240. What are the prime factors of i?
2, 5
Let m = 1 + 4. Suppose -m*c + 126 = -209. Suppose 2*x = -5*r + c, -r + 0*x + 35 = -5*x. List the prime factors of r.
3, 5
Suppose -4 = -u - o, 4*u + 8 - 26 = -2*o. Suppose 0*n = u*n - 25. Suppose 26 = 4*q - 5*t - n, -t = 3*q - 28. List the prime factors of q.
3
Let l = -6 - -26. What are the prime factors of l?
2, 5
Suppose 116 = 5*b - z + 4*z, 3*b - 58 = 4*z. What are the prime factors of b?
2, 11
List the prime factors of (-24)/(2 - (-24)/(-9)).
2, 3
Let f(m) = -m**2 + m + 20. List the prime factors of f(0).
2, 5
What are the prime factors of (-1)/((-3)/774*3)?
2, 43
Suppose 5*o + 482 = 2*g, -7*g + 4*o + 482 = -5*g. What are the prime factors of g?
241
Suppose 3*u = 89 + 22. List the prime factors of u.
37
Let t(v) = v**2 + 8*v - 5. Let o be t(-9). Suppose -4*k - 21 = -d, o*d + 3*k - 6*k = 84. What are the prime factors of d?
3, 7
Suppose 186 = -2*b + 4*b - 3*w, -4*w - 281 = -3*b. What are the prime factors of b?
3, 11
Suppose -4*s - 3*r + 371 = 0, -r = 5*s - 551 + 90. List the prime factors of (-10)/25 - s/(-5).
2, 3
Suppose -15 + 0 = -5*p. Let t(c) = c**3 - c**2 - 3*c - 4. Let v be t(p). Suppose -v*j + 26 = 3*x, -x + 2*j + 2*j = 14. What are the prime factors of x?
2
Let n(y) = 3*y - 3. Let g be n(8). Suppose -f = -4*f + g. List the prime factors of f.
7
Let q be 20/(-11) + 4/(-22). Let o be q/(-5) - (-536)/10. List the prime factors of o/7 - (-6)/21.
2
Let y = -11 - -6. Let q be ((-14)/y)/(2/10). Suppose m = -m + q. What are the prime factors of m?
7
Let v(x) be the third derivative of x**4/12 + 3*x**3/2 + 3*x**2. List the prime factors of v(6).
3, 7
Suppose 5*f - 36 = -4*d, -2*f = f - 3*d. Suppose f*t - 10 = -t. List the prime factors of t.
2
Let o(l) = 14*l - 56. What are the prime factors of o(9)?
2, 5, 7
Let z(i) be the second derivative of i**5/20 + i**4/2 + i**3/2 - i**2/2 + i. What are the prime factors of z(-4)?
19
Let i(h) be the third derivative of h**6/120 + h**5/15 - h**4/24 + h**3/3 + h**2. Let w be i(-4). Suppose 2*m - w - 2 = 0. What are the prime factors of m?
2
Let q(p) = 23*p + 1. Let k be q(-2). What are the prime factors of ((-9)/15)/(3/k)?
3
Suppose 0 = -5*k - 12 - 23. Let i = 3 - k. Suppose x - i = -0*x. List the prime factors of x.
2, 5
Suppose -9*t + 584 = 17. What are the prime factors of t?
3, 7
Let u(d) = d**2 + 4*d - 3. Let s(x) = -x. Let a(y) = 5*s(y) - u(y). Let z be a(-9). Suppose 2*q = -q - z, 2*q = -5*r + 103. What are the prime factors of r?
3, 7
Let u be 4*20 + (-12 - -12). Suppose -2*x + u = 2*x. List the prime factors of x.
2, 5
Let w be -17 + 2*(-4)/8. Let f = -8 - w. List the prime factors of f.
2, 5
Let t be 0/(-6*(-1)/2) - -2. Let o = -10 + 14. List the prime factors of t/(-4) - (-38)/o.
3
Let c be -1*4 + (-8)/(-4). Let l be 56 + -1 + (c - -1). Suppose 5*i - 2*y = l, -4*i + 56 = i - 3*y. What are the prime factors of i?
2, 5
Let x(d) = d**2 - d - 5. Let q be x(0). Let u be 11/(-33)*(-60)/2. Let b = u - q. What are the prime factors of b?
3, 5
Suppose -v = 1 - 5. Suppose 3*l - 2*i = 19, 32 = 2*l + 2*l + v*i. Let j = l + -4. What are the prime factors of j?
3
Suppose 0 = -2*l - 5*w - 10, l = -4*w - 0*w - 8. Let a(c) = -c + 3. Let d be a(3). What are the prime factors of 2/1 + d - l?
2
Suppose -3*d + 8 = -22. Let z be 142/(-10) + 2/d. Let c = z - -25. What are the prime factors of c?
11
Suppose 3*y = -5*x + 20, 3*x - 25 = -5*y + 3. Suppose 0 = 3*j + 3*w - 2*w - 137, 0 = -5*j - y*w + 245. Suppose j - 4 = 5*u. List the prime factors of u.
2
List the prime factors of 19 + (-2 - (-2)/(-1)).
3, 5
Suppose 0 = -5*w + 3*w - 22. Let k = w - -32. What are the prime factors of k?
3, 7
Suppose -8*w + 3783 = 5*w. List the prime factors of w.
3, 97
Suppose 4*q - 41 = 139. Suppose 0 = -4*g + g + 12. Suppose -13 = g*y - q. What are the prime factors of y?
2
Suppose 0 = -3*t + 8*t - 110. List the prime factors of t.
2, 11
Let n = 5 - -9. Suppose -3*r + 82 = 5*k, -2*r = -r + 5*k - n. List the prime factors of r.
2, 17
Let b(n) = -20*n + 10. List the prime factors of b(-10).
2, 3, 5, 7
Suppose 2*x - 2*s = 10, x - 1 = -3*s - 0. Suppose 3*m - 11 = -5*f, x*m - 7 = 4*f - 3. Let t = 16 - f. What are the prime factors of t?
3, 5
Let v = -21 + 33. Suppose -g + v = 4*x, 36 = 4*g + 2*x - 40. List the prime factors of g.
2, 5
Suppose 0 = 2*n + 2*n - 468. What are the prime factors of n?
3, 13
Let l be (-2)/3 - (-62)/(-6). Let s = 11 + l. Suppose v + v - 8 = s. What are the prime factors of v?
2
Let b(g) = -g - 4. Let x be b(-10). Let q(f) = f**2 + 3*f - 4. Let t be q(-4). Suppose t*h - h + x = 0. What are the prime factors of h?
2, 3
Let y be -1*(-3 + 5) + 59. Let q = 91 + -50. Let z = y - q. What are the prime factors of z?
2
Suppose -12 = 2*x - 38. Suppose -3*o = 2*l - 10, 5*o - 10 = 3*l + x. List the prime factors of o.
2
Suppose -g + 49 - 5 = 0. Suppose q - 11 = g. Suppose -i = 4*i - q. What are the prime factors of i?
11
Let b(p) = -p**3 - 13*p**2 - 7*p - 28. List the prime factors of b(-14).
2, 7, 19
Suppose 32*h = 31*h + 19. What are the prime factors of h?
19
Let v(m) = -m + 11. Let r be v(9). Suppose 3*a - 44 = -2*t, r*a + a - 25 = -t. List the prime factors of t.
19
Let c be (-1)/(-2)*(-28)/2. Let m = -8 - c. What are the prime factors of m*2*-1 - -9?
11
Let a be ((-1)/3)/(4/12). List the prime factors of (-15)/(-9) - a/3.
2
Suppose 5*p - 43 = -2*d + 2, 141 = 5*d + 3*p. List the prime factors of d.
2, 3, 5
Let w = -16 + 9. Let q = 103 - w. Suppose z + q = 6*z. What are the prime factors of z?
2, 11
Suppose h = -2*y - 3*h + 660, -4*y + 4*h + 1332 = 0. List the prime factors of y.
2, 83
Let y(l) = l**3 - 10*l**2 - 10*l - 9. What are the prime factors of y(11)?
2
Suppose -3*x + 5 = 2, 5*x = 2*n - 143. What are the prime factors of n?
2, 37
Suppose -2*x + 129 = -4*h + 1289, -h - 2*x + 295 = 0. What are the prime factors of h?
3, 97
Suppose 46*b = 42*b + 704. List the prime factors of b.
2, 11
Let b(p) = -3*p + 2. Suppose -18 = -2*d - d. Let v be b(d). Let y = -5 - v. What are the prime factors of y?
11
Suppose 0 = -3*k - i + 21, 2*i + 13 + 15 = 4*k. List the prime factors of k.
7
Suppose 0*z - 6 = -3*z. List the prime factors of z.
2
Let k(